me factors of 2539?
2539
List the prime factors of 12525.
3, 5, 167
What are the prime factors of 2095?
5, 419
What are the prime factors of 5482?
2, 2741
List the prime factors of 529.
23
What are the prime factors of 6732?
2, 3, 11, 17
What are the prime factors of 69087?
3, 23029
What are the prime factors of 16447?
16447
What are the prime factors of 67458?
2, 3, 11243
What are the prime factors of 232?
2, 29
List the prime factors of 4876.
2, 23, 53
What are the prime factors of 160?
2, 5
What are the prime factors of 8613?
3, 11, 29
List the prime factors of 16530.
2, 3, 5, 19, 29
What are the prime factors of 32614?
2, 23, 709
List the prime factors of 24322.
2, 12161
List the prime factors of 6836.
2, 1709
List the prime factors of 10558.
2, 5279
What are the prime factors of 9472?
2, 37
List the prime factors of 1510.
2, 5, 151
What are the prime factors of 66948?
2, 3, 7, 797
List the prime factors of 12425.
5, 7, 71
List the prime factors of 217.
7, 31
What are the prime factors of 1132?
2, 283
List the prime factors of 3763.
53, 71
What are the prime factors of 3603?
3, 1201
What are the prime factors of 163477?
163477
List the prime factors of 4719.
3, 11, 13
What are the prime factors of 16143?
3, 5381
What are the prime factors of 2032?
2, 127
List the prime factors of 1930.
2, 5, 193
What are the prime factors of 724?
2, 181
List the prime factors of 8304.
2, 3, 173
List the prime factors of 6590.
2, 5, 659
What are the prime factors of 612?
2, 3, 17
What are the prime factors of 22118?
2, 11059
What are the prime factors of 7087?
19, 373
What are the prime factors of 8972?
2, 2243
List the prime factors of 473.
11, 43
List the prime factors of 3107.
13, 239
List the prime factors of 47635.
5, 7, 1361
What are the prime factors of 1185?
3, 5, 79
List the prime factors of 9620.
2, 5, 13, 37
List the prime factors of 3620.
2, 5, 181
What are the prime factors of 31910?
2, 5, 3191
List the prime factors of 57660.
2, 3, 5, 31
What are the prime factors of 97?
97
List the prime factors of 81974.
2, 17, 2411
What are the prime factors of 17759?
7, 43, 59
What are the prime factors of 48801?
3, 16267
List the prime factors of 53799.
3, 79, 227
What are the prime factors of 4131?
3, 17
List the prime factors of 1459.
1459
List the prime factors of 4837.
7, 691
List the prime factors of 36122.
2, 18061
List the prime factors of 4542.
2, 3, 757
List the prime factors of 386.
2, 193
List the prime factors of 50485.
5, 23, 439
List the prime factors of 4303.
13, 331
What are the prime factors of 1076?
2, 269
List the prime factors of 1782.
2, 3, 11
List the prime factors of 1536.
2, 3
What are the prime factors of 2418?
2, 3, 13, 31
List the prime factors of 3737.
37, 101
What are the prime factors of 1062?
2, 3, 59
List the prime factors of 18379.
18379
List the prime factors of 13455.
3, 5, 13, 23
What are the prime factors of 37049?
37049
List the prime factors of 4258.
2, 2129
List the prime factors of 1400.
2, 5, 7
List the prime factors of 47239.
97, 487
What are the prime factors of 7878?
2, 3, 13, 101
What are the prime factors of 4581?
3, 509
What are the prime factors of 1832?
2, 229
What are the prime factors of 470?
2, 5, 47
What are the prime factors of 112?
2, 7
List the prime factors of 35521.
35521
List the prime factors of 1385.
5, 277
List the prime factors of 15707.
113, 139
List the prime factors of 87772.
2, 21943
List the prime factors of 276.
2, 3, 23
List the prime factors of 4403.
7, 17, 37
What are the prime factors of 305?
5, 61
List the prime factors of 1083.
3, 19
What are the prime factors of 2461?
23, 107
List the prime factors of 86214.
2, 3, 14369
What are the prime factors of 912?
2, 3, 19
List the prime factors of 1708.
2, 7, 61
List the prime factors of 12139.
61, 199
List the prime factors of 3189.
3, 1063
What are the prime factors of 1355?
5, 271
List the prime factors of 591.
3, 197
List the prime factors of 1762.
2, 881
List the prime factors of 369.
3, 41
What are the prime factors of 1683?
3, 11, 17
What are the prime factors of 49582?
2, 13, 1907
What are the prime factors of 21982?
2, 29, 379
List the prime factors of 29280.
2, 3, 5, 61
List the prime factors of 25645.
5, 23, 223
List the prime factors of 14977.
17, 881
What are the prime factors of 23135?
5, 7, 661
List the prime factors of 5801.
5801
List the prime factors of 4593.
3, 1531
What are the prime factors of 813?
3, 271
List the prime factors of 2116.
2, 23
List the prime factors of 4673.
4673
What are the prime factors of 7666?
2, 3833
List the prime factors of 114608.
2, 13, 19, 29
List the prime factors of 3385.
5, 677
List the prime factors of 6374.
2, 3187
List the prime factors of 940.
2, 5, 47
List the prime factors of 3222.
2, 3, 179
List the prime factors of 1295.
5, 7, 37
What are the prime factors of 7572?
2, 3, 631
List the prime factors of 9061.
13, 17, 41
List the prime factors of 30457.
7, 19, 229
What are the prime factors of 803?
11, 73
List the prime factors of 487.
487
List the prime factors of 1084.
2, 271
List the prime factors of 1574.
2, 787
What are the prime factors of 16145?
5, 3229
List the prime factors of 2001.
3, 23, 29
List the prime factors of 161.
7, 23
What are the prime factors of 799?
17, 47
What are the prime factors of 1360?
2, 5, 17
What are the prime factors of 51?
3, 17
What are the prime factors of 104672?
2, 3271
What are the prime factors of 6394?
2, 23, 139
List the prime factors of 148180.
2, 5, 31, 239
List the prime factors of 120.
2, 3, 5
List the prime factors of 10304.
2, 7, 23
What are the prime factors of 1075?
5, 43
What are the prime factors of 100962?
2, 3, 71, 79
List the prime factors of 1324.
2, 331
What are the prime factors of 98484?
2, 3, 29, 283
List the prime factors of 1344.
2, 3, 7
What are the prime factors of 230?
2, 5, 23
List the prime factors of 7523.
7523
List the prime factors of 1910.
2, 5, 191
What are the prime factors of 112561?
31, 3631
What are the prime factors of 338?
2, 13
List the prime factors of 33716.
2, 8429
What are the prime factors of 11250?
2, 3, 5
What are the prime factors of 213?
3, 71
What are the prime factors of 1142?
2, 571
List the prime factors of 9382.
2, 4691
List the prime factors of 63403.
19, 47, 71
What are the prime factors of 2142?
2, 3, 7, 17
List the prime factors of 720.
2, 3, 5
List the prime factors of 1175.
5, 47
List the prime factors of 86.
2, 43
What are the prime factors of 83040?
2, 3, 5, 173
What are the prime factors of 41540?
2, 5, 31, 67
List the prime factors of 2574.
2, 3, 11, 13
What are the prime factors of 2402?
2, 1201
What are the prime factors of 3812?
2, 953
List the prime factors of 58378.
2, 17, 101
What are the prime factors of 6801?
3, 2267
What are the prime factors of 4861?
4861
What are the prime factors of 31070?
2, 5, 13, 239
List the prime factors of 4134.
2, 3, 13, 53
What are the prime factors of 879?
3, 293
List the prime factors of 2931.
3, 977
What are the prime factors of 4108?
2, 13, 79
What are the prime factors of 23368?
2, 23, 127
What are the prime factors of 728?
2, 7, 13
What are the prime factors of 1857?
3, 619
List the prime factors of 2028.
2, 3, 13
List the prime factors of 5017.
29, 173
What are the prime factors of 14837?
37, 401
What are the prime factors of 4349?
4349
List the prime factors of 1816.
2, 227
List the prime factors of 10690.
2, 5, 1069
List the prime factors of 44267.
44267
List the prime factors of 681.
3, 227
List the prime factors of 83170.
2, 5, 8317
What are the prime factors of 163?
163
What are the prime factors of 512?
2
List the prime factors of 7538.
2, 3769
What are the prime factors of 8460?
2, 3, 5, 47
List the prime factors of 7607.
7607
What are the prime factors of 740?
2, 5, 37
What are the prime factors of 8737?
8737
What are the prime factors of 3488?
2, 109
List the prime factors of 1313.
13, 101
What are the prime factors of 888?
2, 3, 37
What are the prime factors of 7669?
7669
What are the prime factors of 464?
2, 29
What are the prime factors of 714?
2, 3, 7, 17
What are the prime factors of 2578?
2, 1289
List the prime factors of 173612.
2, 43403
What are the prime factors of 3793?
3793
What are the prime factors of 4132?
2, 103